List the prime factors of u.
113
Let x(l) = -l**3 - 6*l**2 - 7*l + 9. Suppose 0 = 13*b - 9*b + 24. List the prime factors of x(b).
3, 17
Let u be 20*(3/(-4))/(-3). Suppose 0*c - 101 = -4*c + u*n, 3*n = -5*c + 80. List the prime factors of c.
19
Let a = -8 - -11. Let b be (-5)/a*1*3. List the prime factors of b/(-15) + (-8)/(-3).
3
What are the prime factors of (-2 + 1)*98/(-2)?
7
List the prime factors of 1/(14/24)*49.
2, 3, 7
Let x be (-4 - -2)*5*-2. Let n = x - 13. What are the prime factors of n?
7
Suppose -8*v + 3*v = 5*c - 30, 4*c - 3 = 3*v. Suppose -23 = -v*y - 5*m, 2*m = -3*y - 2*m + 22. What are the prime factors of y?
2, 3
Suppose -3*j + 7*j = 0. Let d(n) = 11*n - 4 + 13 - 10*n. List the prime factors of d(j).
3
List the prime factors of -18*(-2 + (32/(-12))/4).
2, 3
Suppose 2*o = g + 41 - 5, -2*g - 58 = 3*o. Let p = -15 - g. What are the prime factors of p?
17
Let n(q) = 14*q + 6. Let v be n(-3). Let l = v - -62. List the prime factors of l.
2, 13
Let b = -6 - -6. Suppose b = m + m - 34. List the prime factors of m.
17
Let f(a) = -a. Suppose l - 10 = 5*r, -2*r = -4*l + 18 + 4. Let y be f(r). List the prime factors of (6 - y) + 3/3.
2, 3
Let y be (-1)/(-3)*(1 + 86). Let u = 49 - y. Suppose -p + u = p. List the prime factors of p.
2, 5
Let x = -6 + 8. Let w(b) = b**x + b + 3*b**2 - b - b**3 + 2. List the prime factors of w(4).
2
Let t(o) = 5*o**3 + o**2 - o. Let n be t(1). Suppose -n*y = -3*y - 140. Suppose -3*d - 22 = 4*l - 88, -d + y = 4*l. What are the prime factors of l?
2, 3
Let f = 107 - 59. What are the prime factors of f?
2, 3
Suppose -k + 11 = -t + 3*k, -3*t = 2*k - 9. Suppose -1 = -d + t. Suppose -5*x - j = -27, -d*x - j + 0*j + 12 = 0. What are the prime factors of x?
5
Suppose -2*y = -5 + 1, -2*a = 2*y - 14. List the prime factors of a.
5
Suppose -n + 2 + 2 = 0. Suppose -60 = n*b - 7*b. What are the prime factors of b?
2, 5
Suppose -25 + 141 = -4*d. Let n = d + 40. List the prime factors of n.
11
Suppose -4 = -i + 3*h + 5, -2*i - 5*h = 15. Let u be 3 + -1 + -3 + i. Let g(k) = 5*k**2 - k - 1. What are the prime factors of g(u)?
5
Let j(n) = n**3 - 3*n**2 - 4*n + 4. Let o be j(4). Let y(f) = o*f**3 + 2*f - 6*f**2 - f**3 - 2*f**3. What are the prime factors of y(6)?
2, 3
Suppose -2*z + 15 = 11. What are the prime factors of 94/(2 - (z - 2))?
47
Suppose -2*f = -c + 238, 3*c = f - 0*f + 729. What are the prime factors of c?
2, 61
Let j(g) = g**3 - 6*g**2 - 11*g. Suppose a - u + 1 - 6 = 0, 3*a + 4*u = 36. Let h be j(a). Suppose -7*y = -2*y - h. List the prime factors of y.
2
Suppose -10 = 5*o - 145. List the prime factors of o.
3
List the prime factors of (-980)/40*(0 + 1 - 15).
7
Let a(u) = -u - 6. Let l be a(-7). Let n(v) = 196*v. Let i be n(l). What are the prime factors of (-6)/(-8) + i/16?
13
Let w = 2 - -2. Suppose -4*s + 5*t = -w, 0 = -t - 0*t + 4. What are the prime factors of s?
2, 3
Let n be ((-4)/12)/(1/(-57)). Let j = n - 13. What are the prime factors of j?
2, 3
Let z be (0 - -1)*-1 - -6. Suppose 3*d = q + 4, 5*q + 2*d - 19 = 4*d. Suppose z*r = -b + 4, -q*b = -7*r + 4*r - 48. What are the prime factors of b?
3
Suppose -157 = 3*r + 2*o, r - 3*o + 59 = -7*o. Let l = -20 - r. List the prime factors of l.
31
List the prime factors of 1 + (-2)/2*-13.
2, 7
Suppose -z - 32 + 247 = -2*k, 4*k = -3*z + 645. What are the prime factors of z?
5, 43
Suppose 0 = o + 2 - 11. Let q(u) = u + 0*u**3 + o - u**3 + 0*u. What are the prime factors of q(0)?
3
Let r(h) be the second derivative of h**4/6 + h**3/3 - 5*h. What are the prime factors of r(-3)?
2, 3
Let w(m) = 6*m - 3. Suppose -3*z + 5 = -1. What are the prime factors of w(z)?
3
Let l = 25 + -18. List the prime factors of l.
7
Let i(q) be the first derivative of q + q**2 - 3 + 1 - 5*q**2. What are the prime factors of i(-1)?
3
Suppose -103 = -a + w, 0*w = -2*a - 4*w + 200. What are the prime factors of a?
2, 3, 17
Let d = 3 - -1. Suppose 20 = s + d*s. What are the prime factors of s?
2
Suppose 5*v - 1 = 4. Let h be v - -2*1/(-1). Let d = h + 3. What are the prime factors of d?
2
Let q be (-1 - -2)*-7 + 0. Let o(t) be the first derivative of -t**2/2 - 2*t - 2. List the prime factors of o(q).
5
Suppose o = 2*h - 489, -3*h + 3*o - 2*o + 736 = 0. List the prime factors of h.
13, 19
Let g(p) = p - 5. Let b be 10*(18/(-15) + 2). Let r be g(b). Suppose 5*z + r - 28 = 0. What are the prime factors of z?
5
Suppose 2 = 4*l - 26. Suppose 5*u + 1 = 26. Let m = l - u. What are the prime factors of m?
2
Let t = 29 - -25. What are the prime factors of t?
2, 3
Suppose -4*b = -3*j + 27, -4*j + 0 = 4*b - 8. Let v = b + 7. Suppose -3*w = -i - 9 - 39, v*w - 2*i - 66 = 0. List the prime factors of w.
3, 5
List the prime factors of (-10)/(100/255)*-2.
3, 17
Let x = -22 - -38. List the prime factors of x.
2
Let w = 5 + -3. Suppose 0 = 5*t + v + w - 10, -4*t = 4*v. Suppose 29 = t*m - 1. What are the prime factors of m?
3, 5
What are the prime factors of (1 - 16)*(-1)/3?
5
Let c = 2 - -3. Suppose c*z - 4*z = 11. What are the prime factors of z?
11
Let u(r) be the second derivative of -11*r**6/360 + r**5/120 + r**4/4 + 3*r. Let s(w) be the third derivative of u(w). What are the prime factors of s(-1)?
23
Let x be -5*3/(-1)*3. Suppose 3*b + 0*b - x = 0. List the prime factors of b.
3, 5
What are the prime factors of 2/((-4)/6) - -20?
17
Let t be 10/55 - 9/(-11) - -2. Let c be -10*-1*1/2. Suppose -5*x + t = -7, -c*y = x - 32. What are the prime factors of y?
2, 3
Let r = 106 - 7. What are the prime factors of r?
3, 11
What are the prime factors of 138/1*5/10?
3, 23
Suppose 3*u - 10 = 4*u - 4*h, -25 = -5*u + 5*h. Suppose 0 = 2*i - 10. Suppose y + y + 20 = 4*q, 0 = i*y - u. List the prime factors of q.
2, 3
Let k(s) = s**3 + 8*s**2 + 6*s - 3. Let t be k(-7). Let c(d) = 2*d**2 - 4*d + 4. What are the prime factors of c(t)?
2, 5
Suppose 16 + 120 = 4*b. What are the prime factors of b?
2, 17
Let q = -145 + 177. What are the prime factors of q?
2
Let v(x) = x + 7. Let u be v(-4). Let b be -2*((-2)/(-4) - 1). Let g = u - b. List the prime factors of g.
2
Let k(o) = 44*o - 29. What are the prime factors of k(3)?
103
Let s(a) = -a**3 - 12*a**2 + 14*a + 16. Let l be s(-13). Suppose -o = 4*p + l, 0 = -4*o + 4*p - 0*p + 28. List the prime factors of o.
5
Let p(h) = h - 2. Let g(y) be the second derivative of -y**3/6 + 3*y**2/2 - 3*y. Let j be g(-6). What are the prime factors of p(j)?
7
Suppose m + 90 = 4*m. Suppose 0 = -2*r, -x - 2*x + m = -4*r. List the prime factors of x.
2, 5
Let v = 7 - 11. Let a(p) = 2*p**2 - p + 2. What are the prime factors of a(v)?
2, 19
Let y(i) = 4*i**2 + 2*i - 8. Let f be y(-6). Suppose -f = -4*k - 36. List the prime factors of k.
2, 11
Let p(s) be the first derivative of s**3/3 - 2*s**2 + 5*s + 2. Let w be p(6). Suppose -3*n = -o + 1, 5*o - o = -n + w. What are the prime factors of o?
2
Suppose -3*p = -2*k + 2*p + 446, 0 = -k + p + 223. List the prime factors of k.
223
Suppose -476 = -25*f + 21*f. What are the prime factors of f?
7, 17
Let z = 3 - -3. Let q = 9 - z. List the prime factors of q.
3
Let v = 3 + -1. Suppose v*m - 27 + 3 = 0. List the prime factors of m.
2, 3
Suppose 0 = -4*n + 2*b, 3*n + 2*b = b. List the prime factors of (n + -1)/(-1) - -1.
2
Let f(p) = -p**2 + 7*p - 2. Let z be f(3). Let u = z + -1. List the prime factors of u.
3
Suppose 0*z + 5*z = 0, 36 = 2*o - 5*z. List the prime factors of o.
2, 3
Let v be ((-4)/(-3))/((-12)/(-450)). Suppose 5*d = 5*n + v, 6 = 2*d + n + 1. What are the prime factors of d?
5
Let w(r) = -r**2 + 19. List the prime factors of w(0).
19
Let z = 2 + 1. Suppose -2*d + 4*p - 20 = 0, z*d + 0*d + 10 = 2*p. List the prime factors of 2/1 + (2 - d).
2
Suppose -11*t = -t - 320. What are the prime factors of t?
2
Let i = 0 - -4. Suppose -2*n + 0*n = -i. List the prime factors of 20/(n + 2 - 2).
2, 5
Let v(u) = -11*u**3 + 2*u + 1 - 3 - 4*u**2 + 5*u**2 + 3. Let w be v(-1). Suppose w = 2*n - 17. What are the prime factors of n?
2, 7
What are the prime factors of (-26)/((-25)/10 + 2)?
2, 13
Let l be ((-9)/2 + 3)*14/(-3). Let g(b) = -8 + 5*b - 4*b + 2*b. List the prime factors of g(l).
13
Let i(p) = -44*p. List the prime factors of i(-1).
2, 11
Let l(u) = -u**2 - 5*u + 5. Let q be l(-5). Suppose 0 = -0*j + 4*j + q*s + 20, 5*j + 25 = 5*s. What are the pri